hat is the remainder when 1405 is divided by 67?
65
Calculate the remainder when 176 is divided by 8.
0
Calculate the remainder when 193 is divided by 7.
4
Calculate the remainder when 206 is divided by 98.
10
What is the remainder when 155 is divided by 55?
45
Calculate the remainder when 1423 is divided by 8.
7
What is the remainder when 134 is divided by 88?
46
Calculate the remainder when 745 is divided by 54.
43
Calculate the remainder when 145 is divided by 30.
25
What is the remainder when 102 is divided by 15?
12
What is the remainder when 106 is divided by 53?
0
Calculate the remainder when 333 is divided by 28.
25
What is the remainder when 116 is divided by 17?
14
Calculate the remainder when 4758 is divided by 34.
32
What is the remainder when 32 is divided by 28?
4
Calculate the remainder when 229 is divided by 222.
7
What is the remainder when 83 is divided by 26?
5
What is the remainder when 5747 is divided by 50?
47
What is the remainder when 767 is divided by 248?
23
Calculate the remainder when 718 is divided by 30.
28
What is the remainder when 551 is divided by 22?
1
What is the remainder when 89 is divided by 23?
20
What is the remainder when 41 is divided by 30?
11
What is the remainder when 10078 is divided by 140?
138
What is the remainder when 167 is divided by 86?
81
What is the remainder when 454 is divided by 76?
74
Calculate the remainder when 163 is divided by 12.
7
What is the remainder when 2998 is divided by 130?
8
Calculate the remainder when 815 is divided by 48.
47
What is the remainder when 76 is divided by 49?
27
What is the remainder when 210 is divided by 41?
5
Calculate the remainder when 333 is divided by 38.
29
Calculate the remainder when 969 is divided by 45.
24
Calculate the remainder when 29 is divided by 8.
5
What is the remainder when 1843 is divided by 5?
3
Calculate the remainder when 36733 is divided by 287.
284
What is the remainder when 1474 is divided by 82?
80
Calculate the remainder when 649 is divided by 5.
4
Calculate the remainder when 261 is divided by 88.
85
Calculate the remainder when 1618 is divided by 30.
28
Calculate the remainder when 277 is divided by 147.
130
Calculate the remainder when 204 is divided by 19.
14
Calculate the remainder when 578 is divided by 270.
38
Calculate the remainder when 407 is divided by 144.
119
What is the remainder when 458 is divided by 27?
26
Calculate the remainder when 2872 is divided by 93.
82
What is the remainder when 3263 is divided by 38?
33
What is the remainder when 305 is divided by 31?
26
What is the remainder when 94 is divided by 48?
46
What is the remainder when 7 is divided by 6?
1
What is the remainder when 97 is divided by 30?
7
What is the remainder when 207 is divided by 19?
17
What is the remainder when 238 is divided by 15?
13
What is the remainder when 76 is divided by 15?
1
Calculate the remainder when 71 is divided by 21.
8
Calculate the remainder when 84 is divided by 27.
3
Calculate the remainder when 87 is divided by 39.
9
Calculate the remainder when 76 is divided by 38.
0
Calculate the remainder when 152 is divided by 59.
34
What is the remainder when 427 is divided by 33?
31
Calculate the remainder when 477 is divided by 22.
15
What is the remainder when 829 is divided by 163?
14
Calculate the remainder when 4083 is divided by 6.
3
What is the remainder when 419 is divided by 15?
14
What is the remainder when 557 is divided by 7?
4
Calculate the remainder when 187 is divided by 28.
19
Calculate the remainder when 38 is divided by 3.
2
Calculate the remainder when 2330 is divided by 63.
62
Calculate the remainder when 25 is divided by 4.
1
What is the remainder when 2771 is divided by 50?
21
Calculate the remainder when 148 is divided by 19.
15
What is the remainder when 194 is divided by 106?
88
What is the remainder when 4991 is divided by 238?
231
What is the remainder when 83 is divided by 17?
15
What is the remainder when 69 is divided by 29?
11
Calculate the remainder when 70 is divided by 38.
32
What is the remainder when 581 is divided by 525?
56
Calculate the remainder when 171 is divided by 18.
9
What is the remainder when 8523 is divided by 49?
46
Calculate the remainder when 795 is divided by 32.
27
Calculate the remainder when 1299 is divided by 433.
0
Calculate the remainder when 103 is divided by 26.
25
Calculate the remainder when 1018 is divided by 31.
26
Calculate the remainder when 1020 is divided by 73.
71
Calculate the remainder when 600 is divided by 34.
22
Calculate the remainder when 221 is divided by 7.
4
Calculate the remainder when 313 is divided by 9.
7
Calculate the remainder when 44 is divided by 8.
4
What is the remainder when 1403 is divided by 128?
123
What is the remainder when 34 is divided by 4?
2
Calculate the remainder when 296 is divided by 12.
8
Calculate the remainder when 271 is divided by 40.
31
What is the remainder when 47 is divided by 12?
11
Calculate the remainder when 109 is divided by 34.
7
Calculate the remainder when 735 is divided by 57.
51
What is the remainder when 153 is divided by 12?
9
What is the remainder when 102 is divided by 65?
37
What is the remainder when 412 is divided by 71?
57
Calculate the remainder when 1617 is divided by 538.
3
Calculate the remainder when 732 is divided by 472.
260
What is the remainder when 2505 is divided by 132?
129
Calculate the remainder when 191 is divided by 48.
47
Calculate the remainder when 183 is divided by 183.
0
Calculate the remainder when 326 is divided by 37.
30
What is the remainder when 1244 is divided by 89?
87
Calculate the remainder when 1324 is divided by 34.
32
Calculate the remainder when 188 is divided by 49.
41
Calculate the remainder when 178 is divided by 60.
58
What is the remainder when 175 is divided by 24?
7
What is the remainder when 214 is divided by 14?
4
What is the remainder when 6990 is divided by 67?
22
What is the remainder when 270 is divided by 94?
82
Calculate the remainder when 313 is divided by 157.
156
What is the remainder when 941 is divided by 294?
59
What is the remainder when 438 is divided by 63?
60
Calculate the remainder when 27382 is divided by 42.
40
What is the remainder when 3043 is divided by 42?
19
Calculate the remainder when 47 is divided by 14.
5
Calculate the remainder when 2569 is divided by 14.
7
Calculate the remainder when 231 is divided by 216.
15
What is the remainder when 55 is divided by 19?
17
Calculate the remainder when 96 is divided by 15.
6
Calculate the remainder when 42 is divided by 18.
6
What is the remainder when 121 is divided by 118?
3
Calculate the remainder when 2331 is divided by 18.
9
Calculate the remainder when 1531 is divided by 279.
136
Calculate the remainder when 464 is divided by 69.
50
What is the remainder when 814 is divided by 37?
0
Calculate the remainder when 2278 is divided by 64.
38
What is the remainder when 49 is divided by 8?
1
Calculate the remainder when 1239 is divided by 138.
135
Calculate the remainder when 12214 is divided by 121.
114
Calculate the remainder when 975 is divided by 41.
32
What is the remainder when 95 is divided by 9?
5
Calculate the remainder when 41 is divided by 35.
6
Calculate the remainder when 504 is divided by 149.
57
Calculate the remainder when 899 is divided by 898.
1
What is the remainder when 785 is divided by 16?
1
Calculate the remainder when 70 is divided by 6.
4
What is the remainder when 311 is divided by 12?
11
What is the remainder when 1522 is divided by 12?
10
Calculate the remainder when 91 is divided by 26.
13
What is the remainder when 233 is divided by 60?
53
Calculate the remainder when 61 is divided by 27.
7
Calculate the remainder when 196 is divided by 25.
21
What is the remainder when 711 is divided by 20?
11
What is the remainder when 180 is divided by 13?
11
Calculate the remainder when 7 is divided by 6.
1
What is the remainder when 71 is divided by 6?
5
Calculate the remainder when 543 is divided by 68.
67
Calculate the remainder when 146 is divided by 76.
70
What is the remainder when 96 is divided by 49?
47
Calculate the remainder when 9806 is divided by 8.
6
What is the remainder when 767 is divided by 137?
82
Calculate the remainder when 2238 is divided by 65.
